b + 5*b - 2*y - 114. What is the tens digit of b?
4
Suppose 5*t + 15 = 5*a, -9 - 1 = 5*t. Suppose -5*p + 2*d - 18 = 0, -d + 2*d + 6 = -5*p. What is the tens digit of 1 + p + 12 + a?
1
Suppose -2 = -2*t - 0. Let a(g) = -6*g + g + t - 2*g. What is the units digit of a(-1)?
8
Suppose 0 = -3*q - 2*a + 636, 0 = -4*q + 5*a - 415 + 1240. Suppose 0 = -5*t - 0*t + q. What is the units digit of t?
2
Let f(p) be the first derivative of p**4/4 + 7*p**3/3 - 5*p**2 + 10*p - 1. What is the tens digit of f(-8)?
2
Let q(x) = x**2 - 19*x + 13. What is the tens digit of q(26)?
9
Let i = 58 + 25. What is the units digit of i?
3
Let m(h) be the third derivative of -1/60*h**5 + 7/6*h**3 + 0*h + h**2 - 5/24*h**4 + 0. What is the units digit of m(-6)?
1
Let q(i) be the first derivative of 4*i**3/3 - i - 1. Let g be q(-1). What is the tens digit of g*15*(-2)/(-9)?
1
Let f = -2 - -11. Let m be 0*(-3)/f + 2. Suppose v - 10 = m*i - 33, 6 = -i - 3*v. What is the units digit of i?
9
Let t(z) = 9*z - 3. Let q(h) = -9*h**2 + 3 + 8 - 1 - 7*h - h**3. Let r be q(-8). What is the tens digit of t(r)?
1
Let m be (-10)/4*16/20. Let z(x) = x**2 - 3*x + 1. Let g be z(2). What is the units digit of g + m + 8*1?
5
Let t(d) = 6*d**2 + 2*d - 6. What is the units digit of t(3)?
4
Let o(y) = 20*y**2 - y - 3. What is the units digit of o(-2)?
9
What is the tens digit of ((-183)/(-15) + 1)/(4/20)?
6
Let u = -44 - -91. Let j = u - 15. What is the tens digit of -3*(j/(-6) - 1)?
1
Suppose 5*a = 3*c + 39, 8 = -a - 5*c - 1. Let z be 0*3/a - -2. Suppose 4 = -z*b + 4*b. What is the units digit of b?
2
Let s(i) = i**3 - 13*i**2 + 19*i - 12. What is the tens digit of s(13)?
3
Let y(u) = -2*u**2 + 22*u - 17. Let n(h) = -h**2 + 11*h - 8. Let g(t) = 7*n(t) - 3*y(t). What is the units digit of g(10)?
5
Let x be (1/(-3))/((-2)/12). Suppose 0*c = -x*c + 6. Suppose -36 = -4*g + 6*w - 2*w, c*w - 6 = 0. What is the tens digit of g?
1
Let f = -1 - -1. Suppose 4*j - 4 = -3*r - 1, f = 4*j. Suppose -z + r + 2 = 0. What is the units digit of z?
3
Let p be (4 - 0) + 2/2. Let j(f) = f**2 - 6*f + 6. Let d be j(p). What is the units digit of d + 1*0/(-3)?
1
Let u = -39 - -55. Let v be 0/(-4) + -11*1. Let y = u + v. What is the units digit of y?
5
Let q = -14 + 17. Suppose -44 = -q*n + 34. What is the tens digit of n?
2
Suppose 0 = -5*l + 4*r - 8*r + 16, -5*l + 3*r = -23. Suppose o = -l*o + 40. What is the units digit of o?
8
Suppose 2*j + 43 + 21 = 2*s, 0 = -3*s + 5*j + 98. What is the units digit of s?
1
Suppose 1 + 3 = w. Suppose -w*f + 4 = -8. What is the units digit of (-2 + -1)/f + 14?
3
Suppose 35 = -2*i + 3*b - 7, 4*i + b + 70 = 0. What is the tens digit of 411/27 - (-4)/i?
1
Suppose -2*d - j = -11, 0 = 2*d + 5*j - 7 - 0. Let c be 7 + -6*3/6. Suppose c*o = -4*g - 0*o + 40, -3*o - d = -g. What is the units digit of g?
9
Let c = 97 + -49. What is the tens digit of c?
4
Let y(x) = 18*x**2 + 5*x + 5. What is the tens digit of y(-3)?
5
Let r be (-9)/(-12)*8/2. Suppose 5*a = 5*t - 40, -2*a = 1 + r. Let f = t + -2. What is the units digit of f?
4
Suppose 0 = -0*d + 4*d - 8. Suppose -d*n + 87 = 19. What is the units digit of n?
4
Let q = 35 + -80. What is the tens digit of (-1315)/q - (-2)/(-9)?
2
What is the tens digit of (-3 + 270)*1/((-3)/(-1))?
8
Suppose 0 = -3*f - v + 3 + 12, 3*v = -3*f + 21. Suppose 0 = -2*c - 5*i + f*i - 12, -c = i + 6. Let d = c + 10. What is the units digit of d?
4
Let g be (-100)/(-16) - 1/4. Suppose 0*a + a = g. What is the units digit of a?
6
What is the units digit of (5 - (3 - 2)) + 42?
6
Let n = 145 + -86. What is the tens digit of n?
5
Let w = -2 - -1. Let z(l) = -2*l**3 - l**2 - l - 1. Let x be z(w). Suppose 3*t = -x + 4. What is the units digit of t?
1
Suppose -2*x + 2 = -0. Suppose j + 9 - 42 = -5*l, 5*l + 2*j = 31. Let d = l - x. What is the units digit of d?
6
Let f(n) = n**3 + 2*n**2 - 4*n - 3. Let x be f(-3). Suppose 0 = -x*d - 3*d + g + 36, 0 = 2*d + 5*g - 7. What is the units digit of d?
1
Suppose -53 = -2*q + 123. Suppose -11*n + q = -7*n. What is the tens digit of n?
2
Suppose 6*v - 10 - 2 = 0. Suppose 3*b + 4*f - 48 = v*b, 4*f + 4 = 0. What is the tens digit of b?
5
Let r = 79 - 43. Suppose -d + r = d. What is the tens digit of d?
1
Suppose 0 = -4*r - 2*i + 10, 5*i - 25 = -5*r - 0*r. Let a(p) = 0*p + r*p**2 + 4 + 3 - p**2 - 5*p. What is the units digit of a(-5)?
7
Let u(t) = t + 8. Let v be u(-6). Let k = 4 - v. Suppose 0 = 2*a + k*l - 10, -4*a + 0*l + 18 = 2*l. What is the units digit of a?
4
Let r(p) = p**2 + 11*p - 10. Let i be r(-12). Suppose 2*t + 12 = 4*h, -5*t - 16 = -4*h - i*t. What is the units digit of h?
1
Let l be (-2)/(-1) + 0 + 4. Suppose -2*w = -l - 2. What is the units digit of w?
4
Suppose -1 - 1 = -k. Suppose 0 = 4*t + 20, y + t - 17 = k*t. What is the units digit of y?
2
Let d(t) = -2*t + 10. What is the tens digit of d(-12)?
3
Suppose -5*f + 4*f + 3 = 0. What is the units digit of f?
3
Suppose -5*y + 5*s = -505, -5*s + 217 = 2*y + 50. What is the tens digit of y?
9
Let d(s) be the second derivative of -s**3/6 - 3*s**2/2 + s. Let l be d(-3). Suppose l = -0*t - 2*t + 8. What is the units digit of t?
4
Suppose -3*d + 6 = -2*d. Let p(m) = m + 4. What is the units digit of p(d)?
0
What is the units digit of ((-4)/(-10))/((-18)/(-15300))?
0
Let a(k) = 8*k + 5. Let h be a(7). Suppose -4*p + 107 = -h. What is the units digit of p?
2
Let x = 9 - 0. Let m(s) = -s**2 + 12*s - 3. What is the units digit of m(x)?
4
Let d = -14 - -42. What is the tens digit of d?
2
Suppose -160 = -5*m + 295. What is the tens digit of m?
9
Suppose 2*x = -0*x + 8. Let u = 5 - x. What is the units digit of u?
1
Let h(b) = 2*b - 2*b**2 + b - 6*b + 3 + 4*b**2. Let f be h(2). Suppose -5*x + 55 = -f. What is the units digit of x?
2
Suppose 2*v = 8*v - 180. What is the units digit of v?
0
Let o be 6/(-18) + 26/6. Suppose -h - o*j = -8, h - 4*h + 39 = -3*j. What is the units digit of h?
2
Let d = 24 + -21. What is the units digit of d?
3
Let b(p) be the second derivative of p**4/6 + p**3/6 - 3*p. Let o be b(-1). What is the units digit of ((-4)/(-12))/(o/9)?
3
Suppose -2*c = 2*t + 44, -c + t - 20 - 6 = 0. Let b = -7 - c. What is the tens digit of b?
1
Let b(c) = -c - 9. Let r be b(-8). Let h be 2 - 9/3 - r. Suppose 7*l - 5*l - 24 = h. What is the units digit of l?
2
Suppose -10 = -3*m - 2*m. Suppose m*r = r + 14. What is the tens digit of r?
1
Let t = 453 - 315. What is the units digit of t?
8
Let y(i) = 4*i + 4. Let u(t) = -9*t - 8. Let n(l) = -6*u(l) - 13*y(l). Let a be n(4). Suppose -4*s - 18 = -2, -a*b + 3*s = -36. What is the units digit of b?
6
Suppose -4*t = 5*o - 85, 0 = 2*o - 3*t - 62 + 5. What is the tens digit of o?
2
Let r = 1 - -12. Suppose -14*a + 25 = -r*a. What is the units digit of a?
5
Suppose 3*a - 2*a = -2. What is the tens digit of 11 + (-1 - 2 - a)?
1
Let a = 249 + -103. What is the units digit of a?
6
Suppose 2*h + 120 = 2*l - 3*h, l = 5*h + 60. What is the tens digit of l?
6
Let s = -45 - -142. What is the tens digit of s?
9
Suppose 0 = -0*v + 2*v. Suppose v*i + 26 = 3*i - 4*q, 2*i - 5*q - 15 = 0. What is the units digit of i?
0
Suppose p + 11 = -4*w, 3*w + 23 = 3*p + w. What is the tens digit of 1/5 + 124/p?
2
Let t(v) = 4*v**2 + 4*v + 2. Let y be t(-2). Let c = 16 - y. What is the units digit of c?
6
Suppose -4*w + 7 = -1. Suppose -3*i + w*v + 2*v + 33 = 0, 0 = v + 3. What is the units digit of 23/i - 4/14?
3
What is the tens digit of (-5)/(15/(-138)) - -3?
4
Let z = -6 - 1. Let r be (-4 - 0)*(-9)/2. Let a = z + r. What is the units digit of a?
1
Let j be 6 + -5 + 376/2. What is the tens digit of j/5 + (-2)/(-10)?
3
Let n(c) = c**2 + 6*c + 5. What is the hundreds digit of n(9)?
1
Suppose 3*i - 11 + 2 = 0. Suppose -i*d + 13 = -11. What is the units digit of d?
8
Let v be (1/(-3))/((-6)/72). Suppose -4*b + 20 = p, 6*b - 3*p = v*b + 24. What is the units digit of b?
6
Let j(c) = -4*c**2 - c + 9. Let v(q) = q**2 - 2. Let d(y) = 2*j(y) + 9*v(y). Let a be ((-10)/(-4))/((-2)/(-4)). What is the tens digit of d(a)?
1
What is the hundreds digit of 3/18 + -1 + (-5050)/(-12)?
4
Let u(i) = -i**2 + 4*i + 2. Let c be u(4). Let m(z) = -c - 8*z + 0 - 1 - z**2. What is the units digit of m(-7)?
4
Suppose 8 = -s + 2*s. Suppose s = 2*r - 8. Suppose 2*h - 6 - r = 0. What is the units 